ivative of -1717*z**4/2 - z**3 - 3*z**2/2 - z - 44. Is v(-1) composite?
False
Suppose -11*l + 22420 - 3390 = 0. Let q be (-12)/(-16) + (1 - l/(-8)). Is (-3 + 2)/((-1)/q) prime?
False
Let v(u) be the first derivative of -u**4/4 + 4*u**3/3 + 21*u**2/2 + 4*u + 25. Let a be v(7). Suppose a*z + 3*n = 2828, -z - n + 1414 = z. Is z prime?
False
Let a = -3 + 14. Suppose 8*r - 1602 = a*r. Is r/(-3) - (9 - 10) a prime number?
True
Suppose 4*t + 11704 - 528 = 0. Is (-1 + t/4)*-2 prime?
True
Let u(c) = -10474*c + 607. Is u(-9) prime?
True
Let u(x) = -6*x**3 + 2*x**2 + x. Let j be u(-1). Let y(i) = 99*i**2 - 8*i + 22. Is y(j) a prime number?
True
Let f = 303 + -331. Is 4*((-34019)/f - 64/(-224)) composite?
False
Let u be (-112)/(-49) - -2 - 6/21. Suppose u*r - x - 39458 = x, 5*r - 5*x - 49330 = 0. Is r a prime number?
False
Let x(p) = -3*p**3 + 14*p**2 - 12*p + 18. Let k be x(14). Is k*(-3)/12 + (-3)/(-2) a composite number?
True
Is 2/(-4)*(-20468338)/(-8 - -19) prime?
True
Let l be (1 - 4)*(-88)/(-264). Let i(k) be the third derivative of -175*k**4/24 + k**3/3 + 3*k**2. Is i(l) a composite number?
True
Suppose -3*u = 4*w - 1, u + u - 2 = -3*w. Suppose w*q = -12, -8*p + 2768 = -7*p + 3*q. Is p prime?
True
Let x = 452324 + -25647. Is x a composite number?
True
Let n = -3945 - -2795. Let b be 5/(2310/n + (3 - 1)). Let q = b + 2046. Is q a prime number?
True
Let x = 225186 + 253913. Is x prime?
False
Let c(n) = 53*n**3 + 3*n**2 + 3*n + 11. Let q be c(-4). Let x = 6291 + q. Is (-1)/(-2) - x/(-4) composite?
True
Is 4*-1*1/(-3)*4457097/348 composite?
False
Let u(h) = 1841*h**2 + 63*h - 255. Is u(4) a composite number?
False
Let b = -188 - -556. Suppose 367*s = b*s - 22735. Is s composite?
True
Let w(m) = 4039*m**2 - 46*m - 157. Is w(-6) prime?
False
Let b(o) = -100*o**3 - 15*o**2 - 28*o + 16. Let y be b(-9). Suppose -102*f = -83*f - y. Is f a composite number?
True
Suppose -2*z - 104 = 4*i - 1458, -5*i + 10 = 0. Is z a prime number?
True
Suppose i + b - 2 = 0, -4 = -4*i + b + 4. Let t be -3 - i/4*-6. Suppose -4*v + 2711 = -l - t*l, 0 = -v - 3*l + 694. Is v a composite number?
True
Let v be (4 + 6/(-4))*2. Suppose 0 = -v*o + 8 + 2. Is 34 + (o/4)/((-1)/(-6)) prime?
True
Let l be (-1 - -9)/8*-4855. Let u = 11818 - l. Is u a prime number?
True
Let g(o) = o**3 + 58*o**2 + 62*o + 142. Is g(-17) composite?
False
Let l be (-5 + 4 - -3) + 44. Let r = 231 - l. Is r a composite number?
True
Let g(u) = -u**2 - 17*u - 20. Let l be g(-15). Let n be (l/4)/((-9)/(-18)). Is 3/n - 15589/(-35) a prime number?
False
Let k(d) = -3*d**3 - 20*d**2 + 111*d + 17. Is k(-33) a composite number?
True
Let u = -260 + 265. Let f be 4/(-3)*3/(-2). Suppose -n - f*n = u*k - 88, -36 = -n + 5*k. Is n a prime number?
True
Suppose 59*u - 13*u - 2918608 = 0. Suppose 13*q - 63433 = 8*q + 4*z, 5*q - u = -z. Is q a composite number?
False
Let o = -430 + 520. Is (-7094)/(-4) - (-45)/o a prime number?
False
Suppose -7*z - 6*z - 22*z + 54565385 = 0. Is z a prime number?
False
Let a(m) = -11*m**3 + 28*m**2 - 15*m - 3. Let z be a(-12). Suppose -4*s = -3*i + 58200 - z, 4*s = 4*i - 46640. Is i a composite number?
False
Let g(v) be the third derivative of -13*v**7/1008 - 7*v**6/720 - v**5/4 - 22*v**2. Let j(i) be the third derivative of g(i). Is j(-18) composite?
False
Let z = -61745 + 314878. Is z a composite number?
False
Suppose -15921616 = 95*r - 352*r + 24008731. Is r a composite number?
False
Suppose 15*d + 210827 - 454824 = 1064888. Is d composite?
True
Suppose -31*o - 4934 = -33*o. Let k = 4988 - o. Is k a prime number?
True
Let c = -12 + 15. Suppose -9917 = 2*m - j, -3*m - 463 = -c*j + 14411. Is 6/(-39) - m/39 prime?
True
Let b be 4/(-8) + 4 + 2405/(-10). Let q = 632 - b. Is q a prime number?
False
Let x(p) = -4980*p + 1057. Is x(-4) composite?
True
Suppose 5*v + 2*w + 17 = 0, 2 = -3*v + 4*w - 29. Is v*((-6)/(-2) + 176/(-4)) composite?
True
Suppose 0 = -2*m + 2*c + c - 8, -5*m + c = -6. Let w be 0*(-2)/m*(-1 + 0). Suppose w = -11*s + 9*s + 3046. Is s a prime number?
True
Let t(u) be the second derivative of -u**5/10 + 7*u**4/12 + 5*u**3/6 + 4*u**2 - 9*u. Let z be t(-6). Suppose -8*n = -10*n + z. Is n a composite number?
False
Is (-6)/39 + (-12926960)/(-130) + 13 a prime number?
False
Suppose -777830 = -16*g + 480842. Suppose -g - 19527 = -58*b. Is b composite?
False
Is (-358)/(-1) - (0/13)/(-10) prime?
False
Let i be (-2 + 0)/((-6)/(-39)). Let y(q) = 6 + 3*q + 0*q**2 + q**2 + 10*q. Is y(i) a prime number?
False
Let u(m) = m**3 + 3*m**2 - 4. Let t be u(-2). Suppose 3*o = o, -y + o + 979 = t. Is y composite?
True
Suppose 5*j - 55 = -5*y, -3*y + 7 = 4*j - 30. Suppose -77 = -2*r - 5*o, 2*r - 3*o - 60 = -y. Suppose -r*f + 410 = -29*f. Is f a prime number?
False
Suppose -3*t - 6 = 0, -3*t + 2*t = -3*q + 28553. Is q a prime number?
False
Let q(a) = -15838*a + 9. Is q(-4) prime?
True
Suppose 0 = -b - 1084 + 7438 - 67. Is b prime?
True
Suppose -n - n - 6 = 0. Let g(s) = -s**3 + 6*s**2 - 5*s - 4. Let i be g(5). Is n + (i + 4 - -298) prime?
False
Let z = 21843 + -14021. Let f = z + -3621. Is f composite?
False
Let v = 403 - 1431. Let n = 4027 + v. Is n a prime number?
True
Suppose -23 = -6*u + 49. Suppose f + 4*f = 5*r + 30, -2*r + u = f. Suppose v = f*v - 28889. Is v a prime number?
True
Let b(h) = -3*h**2 + 2. Let f be b(0). Suppose 15443 = 2*k + 3*j, f*k = -k + j + 23148. Is k composite?
False
Suppose 0 = 13*j - 7*j - 23418. Let y = -740 + j. Is y prime?
True
Suppose -2*k + 27 = 13. Suppose -10*q + 219 = -k*q. Suppose 2*o - 5*t - 161 = q, 5*t + 615 = 5*o. Is o a composite number?
False
Let a(t) = 1398*t**3 - 2*t + 3. Let j(f) = -f**2 + 12*f - 34. Let q be j(7). Let s be a(q). Suppose -19*o = -18*o - s. Is o composite?
False
Let w(y) be the second derivative of -35/2*y**2 - 38/3*y**3 + 0 - 22*y. Is w(-7) composite?
True
Let g(m) = -20*m**3 - 3*m**2 + 3*m - 11. Let o be g(3). Let q = 1934 - o. Is q composite?
False
Let t(y) = 2359*y**2 - 9*y + 13. Is t(6) a composite number?
True
Let r be 1103*17/(-1 - -2). Suppose -r = -18*o + 58127. Is o prime?
True
Let l(c) = c**3 - c**2 - 2*c + 3. Let s be l(2). Suppose s*x - 6*x = -15. Suppose -x*n = -a - a + 1293, 654 = a + 5*n. Is a prime?
False
Let j = 100540 + 5073. Is j a prime number?
True
Let i = 17121 - 10206. Suppose -4*v + 21 = -v. Suppose v*l - i = 2*l. Is l a prime number?
False
Let j(x) = -105*x - 7. Suppose i = o + 6, 2*i - 3*o = -7*o. Suppose 0 = -3*v - 8 - i. Is j(v) composite?
True
Suppose -142*v + 137*v - 176840 = 0. Let c(r) = r + 10. Let k be c(-6). Is (-2)/(k*4/v) composite?
False
Let v be 9/3 + 0 + -2. Suppose q = 5*f + 21, -4*q = -3*q - f - v. Is q/12*-219 - -4 composite?
True
Suppose -5*p + 1752980 = -4*s - 2427567, 0 = -2*p - 2*s + 1672208. Is p a prime number?
True
Let t(l) = l**3 - 27*l**2 - 2*l + 4. Let k be t(27). Let s = -51 - k. Is ((-2)/(-6))/(s/(-4629)*1) a composite number?
False
Let n(x) be the first derivative of 13*x**3/3 + 19*x**2/2 + 7*x + 166. Is n(-5) prime?
False
Suppose 50*p = 49*p - 9301. Let l = 13290 + p. Is l a prime number?
True
Let n(x) = -37 + 1816*x + 15 - 362*x + 75 + 42. Is n(6) a composite number?
False
Let o = 88 + -94. Is (-1059)/o*(10 - 8) a prime number?
True
Let m = 200 - 651. Let j = -290 - m. Is j a prime number?
False
Let i = -863430 - -1242089. Is i a composite number?
True
Let m = 60 - -56. Let c be (-6)/((10/21)/5). Let k = c + m. Is k a prime number?
True
Suppose 0 = -4*i + 31*n - 28*n - 38771, 0 = -2*i - 5*n - 19353. Let r = i + 23506. Is r composite?
True
Suppose 0 = 5*k + 3230 + 615. Is (k/(-5))/(29/145) a prime number?
True
Suppose 54*y - 1588120 = 14*y. Is y a prime number?
True
Let g = 57 - -484. Is g*(-5*(-4)/20 + 0) a composite number?
False
Let u(a) = 3001*a + 3009. Is u(50) a prime number?
True
Suppose 3*y - 4*r - 11 = 0, -5*r = 4*y - 2*r - 23. Suppose 2*g = -y*g + 9527. Is g prime?
True
Suppose 4*z + 3*l = -l + 176, 5*l = z - 74. Suppose z*r - 34386 = 43*r. Is r prime?
False
Suppose -5*n = 2*x - x - 11432, -3*n + 45813 = 4*x. Suppose -4*f = -5*f - v - 2862, -5*v + x = -4*f. Is 0/3 - 0 - f prime?
False
Suppose 10*x + 0*x = 70. Suppose 0 = 3*r + 4*l - 9749, 0 = r - 2*l + x*l - 3268. Suppose -52*c + r = -49*c. Is c a composite number?
True
Let n(m) be the first derivative of -m**4/4 - 23*m**3/3 -